{"id":3883,"date":"2020-12-09T12:03:49","date_gmt":"2020-12-09T12:03:49","guid":{"rendered":"https:\/\/antoniolongarito.com\/stock\/?post_type=product&#038;p=3883"},"modified":"2021-03-12T12:49:07","modified_gmt":"2021-03-12T12:49:07","slug":"stone_gallery_kashemir_gold_al_kg1","status":"publish","type":"product","link":"https:\/\/antoniolongarito.com\/stock\/product\/stone_gallery_kashemir_gold_al_kg1\/","title":{"rendered":"Kashemir Gold # KG1"},"content":{"rendered":"<p>Granito, por defini\u00e7\u00e3o, \u00e9 uma rocha granular, de textura mais ou menos uniforme, dependendo do tamanho e da composi\u00e7\u00e3o dos seus minerais. O quartzo \u00e9 maiorit\u00e1rio e \u00e9 respons\u00e1vel pelo brilho v\u00edtreo, os feldspatos t\u00eam tons mate, o que determina geralmente a cor principal da matriz. \u00c9 composto ainda por micas, com formas alongadas e lamelares, que s\u00e3o respons\u00e1veis pelos reflexos met\u00e1licos, neste caso dourados.<\/p>\n<p><strong>APLICA\u00c7\u00d5ES QUE RECOMENDAMOS<\/strong><\/p>\n<ul>\n<li>Piso exterior: Sim<\/li>\n<li>Fachada: Sim<\/li>\n<li>Piso interior: Sim<\/li>\n<li>Revestimento interior: Sim<\/li>\n<li>Casa de Banho: Sim<\/li>\n<li>Lareira: Sim<\/li>\n<li>Mobili\u00e1rio: Sim<\/li>\n<li>Bancada da cozinha: Sim*<\/li>\n<\/ul>\n<p>(*com tratamento e assentamento especializado)<\/p>\n<p><strong>PARTICULARIDADES GEOL\u00d3GICAS E PETROG\u00c9TICAS<\/strong><\/p>\n<p>Tratam-se de rochas \u00edgneas ou magm\u00e1ticas, a sua natureza est\u00e1 relacionada com um material fundente que se designa de magma. Nesta classe cabem as rochas que foram cristalizadas a partir do arrefecimento de um magma profundo, que depois aflora pela a\u00e7\u00e3o de agentes erosivos, como a \u00e1gua e o vento. Caracterizam-se pelo arrefecimento lento (n\u00e3o dias ou s\u00e9culos, mas milh\u00f5es de anos) e quanto mais lento, maiores e mais perfeitos s\u00e3o os cristais. Estes s\u00e3o principalmente compostos por tr\u00eas tipos de minerais, em propor\u00e7\u00f5es diferentes: 20 a 60% de quartzo, 10 a 65% de feldspato, e 5 a 15% de micas (biotite, moscovite). As cores, as formas e o arranjo dos minerais promovem texturas muito diferentes, contudo, todas elas s\u00e3o de caracter granular, \u00e9 isso que d\u00e1 nome aos granitos (na sua origem latina <i>granum<\/i> ou gr\u00e3o) que nas suas multiformas e texturas os torna t\u00e3o conhecidos e apreciados.<\/p>\n<p><strong>DESEMPENHO T\u00c9CNICO<\/strong><\/p>\n<ul>\n<li>Resist\u00eancia \u00e0 abras\u00e3o: Moderada a Alta<\/li>\n<li>Resist\u00eancia \u00e0 mancha: Moderada a Alta<\/li>\n<li>Suscetibilidade qu\u00edmica: Baixa a Moderada<\/li>\n<li>Resist\u00eancia \u00e0 varia\u00e7\u00e3o t\u00e9rmica: Alta<\/li>\n<li>Suscetibilidade aos raios UV: Baixa a Moderada<\/li>\n<\/ul>\n<p><strong>CUIDADOS E MANUTEN\u00c7\u00c3O<\/strong><\/p>\n<p>Os granitos n\u00e3o mancham, n\u00e3o riscam, nem colapsam ou fraturam. N\u00e3o se alterarem quando expostos a l\u00edquidos (ou vapores) \u00e1cidos ou alcalinos, ou seja, a generalidade dos detergentes, desinfetantes e produtos de limpeza ou cosm\u00e9ticos. Apresentam menor resist\u00eancia quando expostos por anos ou d\u00e9cadas a agentes atmosf\u00e9ricos em zonas muito populosas ou industriais, a sua superf\u00edcie n\u00e3o mancha com poeiras ou outros poluentes, mas alguns dos seus minerais podem formar uma aur\u00e9ola de oxida\u00e7\u00e3o, ficando a matriz mais pronunciada nos tons amarelados e dourados, sem penalizar esteticamente a sua apar\u00eancia.<\/p>\n","protected":false},"excerpt":{"rendered":"<p>Granito, por defini\u00e7\u00e3o, \u00e9 uma rocha granular, de textura mais ou menos uniforme, dependendo do tamanho e da composi\u00e7\u00e3o dos seus minerais. O quartzo \u00e9 maiorit\u00e1rio e \u00e9 respons\u00e1vel pelo brilho v\u00edtreo, os feldspatos t\u00eam tons mate, o que determina geralmente a cor principal da matriz. \u00c9 composto ainda por&hellip;<\/p>\n","protected":false},"featured_media":3887,"template":"","meta":[],"product_cat":[215],"product_tag":[],"acf":[],"_links":{"self":[{"href":"https:\/\/antoniolongarito.com\/stock\/wp-json\/wp\/v2\/product\/3883"}],"collection":[{"href":"https:\/\/antoniolongarito.com\/stock\/wp-json\/wp\/v2\/product"}],"about":[{"href":"https:\/\/antoniolongarito.com\/stock\/wp-json\/wp\/v2\/types\/product"}],"wp:featuredmedia":[{"embeddable":true,"href":"https:\/\/antoniolongarito.com\/stock\/wp-json\/wp\/v2\/media\/3887"}],"wp:attachment":[{"href":"https:\/\/antoniolongarito.com\/stock\/wp-json\/wp\/v2\/media?parent=3883"}],"wp:term":[{"taxonomy":"product_cat","embeddable":true,"href":"https:\/\/antoniolongarito.com\/stock\/wp-json\/wp\/v2\/product_cat?post=3883"},{"taxonomy":"product_tag","embeddable":true,"href":"https:\/\/antoniolongarito.com\/stock\/wp-json\/wp\/v2\/product_tag?post=3883"}],"curies":[{"name":"wp","href":"https:\/\/api.w.org\/{rel}","templated":true}]}}