{"id":3913,"date":"2021-01-26T16:29:32","date_gmt":"2021-01-26T16:29:32","guid":{"rendered":"https:\/\/antoniolongarito.com\/stock\/?post_type=product&#038;p=3913"},"modified":"2022-04-07T13:06:23","modified_gmt":"2022-04-07T13:06:23","slug":"rain_forest_5366","status":"publish","type":"product","link":"https:\/\/antoniolongarito.com\/stock\/product\/rain_forest_5366\/","title":{"rendered":"Forest Brown # FB5366.2"},"content":{"rendered":"<p>Serpentinito de textura exuberante, com veios salientes sobre uma matriz fina, de toque suave. Distingue-o o alto contraste de dureza entre a matriz de serpentina, muito macia, e os veios castanhos, muito duros, de \u00f3xidos de ferro, com brilho met\u00e1lico. Inclusas em alguns destes veios, reconhecem-se pontua\u00e7\u00f5es brancas, de minerais carbonatados ou silicatados como o talco, com brilho nacarado a ceroso.<\/p>\n<p><strong>APLICA\u00c7\u00d5ES<\/strong><\/p>\n<ul>\n<li>Piso exterior: N\u00e3o<\/li>\n<li>Fachada: Sim<\/li>\n<li>Piso interior: N\u00e3o<\/li>\n<li>Revestimento interior: Sim<\/li>\n<li>Casa de Banho: Sim<\/li>\n<li>Lareira: Sim<\/li>\n<li>Mobili\u00e1rio: Sim<\/li>\n<li>Bancada da cozinha: N\u00e3o<\/li>\n<li>Aplica\u00e7\u00f5es retroiluminadas: N\u00e3o<\/li>\n<\/ul>\n<p><strong>DESEMPENHO T\u00c9CNICO<\/strong><\/p>\n<ul>\n<li>Resist\u00eancia \u00e0 abras\u00e3o: Baixa<\/li>\n<li>Resist\u00eancia \u00e0 mancha: Moderado<\/li>\n<li>Sensibilidade qu\u00edmica: Baixa<\/li>\n<li>Resistente ao Calor e Geada: Alto<\/li>\n<li>Resistente aos raios UV: Moderado<\/li>\n<\/ul>\n<p><strong>CUIDADOS E MANUTEN\u00c7\u00c3O<\/strong><\/p>\n<p>Evite a abras\u00e3o com areias ou metais, este material tem composi\u00e7\u00e3o mineral com dureza muito vari\u00e1vel. Os \u00f3leos e os l\u00edquidos altamente pigmentados podem penetrar e manchar alguns veios mais claros e porosos, podendo ser suscet\u00edvel a l\u00edquidos \u00e1cidos ou muito alcalinos, pelo que, deve limpar a superf\u00edcie com detergentes neutros. Pode perder brilho superficial ou mostrar altera\u00e7\u00f5es na cor e na estrutura quando exposto continuamente aos raios UV ou a varia\u00e7\u00f5es e extremos de temperatura.<\/p>\n<p>&nbsp;<\/p>\n","protected":false},"excerpt":{"rendered":"<p>Serpentinito de textura exuberante, com veios salientes sobre uma matriz fina, de toque suave. Distingue-o o alto contraste de dureza entre a matriz de serpentina, muito macia, e os veios castanhos, muito duros, de \u00f3xidos de ferro, com brilho met\u00e1lico. Inclusas em alguns destes veios, reconhecem-se pontua\u00e7\u00f5es brancas, de minerais&hellip;<\/p>\n","protected":false},"featured_media":3918,"template":"","meta":[],"product_cat":[215],"product_tag":[],"acf":[],"_links":{"self":[{"href":"https:\/\/antoniolongarito.com\/stock\/wp-json\/wp\/v2\/product\/3913"}],"collection":[{"href":"https:\/\/antoniolongarito.com\/stock\/wp-json\/wp\/v2\/product"}],"about":[{"href":"https:\/\/antoniolongarito.com\/stock\/wp-json\/wp\/v2\/types\/product"}],"wp:featuredmedia":[{"embeddable":true,"href":"https:\/\/antoniolongarito.com\/stock\/wp-json\/wp\/v2\/media\/3918"}],"wp:attachment":[{"href":"https:\/\/antoniolongarito.com\/stock\/wp-json\/wp\/v2\/media?parent=3913"}],"wp:term":[{"taxonomy":"product_cat","embeddable":true,"href":"https:\/\/antoniolongarito.com\/stock\/wp-json\/wp\/v2\/product_cat?post=3913"},{"taxonomy":"product_tag","embeddable":true,"href":"https:\/\/antoniolongarito.com\/stock\/wp-json\/wp\/v2\/product_tag?post=3913"}],"curies":[{"name":"wp","href":"https:\/\/api.w.org\/{rel}","templated":true}]}}