{"id":4177,"date":"2021-02-24T15:27:57","date_gmt":"2021-02-24T15:27:57","guid":{"rendered":"https:\/\/antoniolongarito.com\/stock\/?post_type=product&#038;p=4177"},"modified":"2024-10-28T09:16:50","modified_gmt":"2024-10-28T09:16:50","slug":"patagonia-pt284951-3","status":"publish","type":"product","link":"https:\/\/antoniolongarito.com\/stock\/product\/patagonia-pt284951-3\/","title":{"rendered":"Patagonia # PT284951.3"},"content":{"rendered":"<p><em>Masterpiece <\/em>dos granitos, composicionalmente id\u00eantico, mas texturalmente muito mais exuberante: com giga-cristais de quartzo e feldspato com formas cristalinas poligonais, debruado por turmalinas negras, ou micas iridescentes, de brilho nacarado. De g\u00e9nese \u00edgnea, lenta e profunda, em ambiente livre, geralmente em cavidades formadas posteriormente a epis\u00f3dios de fractura\u00e7\u00e3o profunda de granitos ou dos seus terrenos envolventes. Chamam-se pegmatitos a estes tipos de rocha e est\u00e3o geralmente associados a jazidas de pedras preciosas e metais raros. Atualmente s\u00e3o eles pr\u00f3prios preciosos e \u00fanicos, aliando a resist\u00eancia mec\u00e2nica e qu\u00edmica dos granitos, com as propriedades \u00f3ticas excecionais dos onyxs, que garantem efeitos de retroilumina\u00e7\u00e3o impares, em qualquer aplica\u00e7\u00e3o.<\/p>\n<p><strong>APLICA\u00c7\u00d5ES<\/strong><\/p>\n<ul>\n<li>Piso exterior: Sim<\/li>\n<li>Fachada: Sim<\/li>\n<li>Piso interior: Sim<\/li>\n<li>Revestimento interior: Sim<\/li>\n<li>Casa de Banho: Sim<\/li>\n<li>Lareira: Sim<\/li>\n<li>Mobili\u00e1rio: Sim<\/li>\n<li>Bancada da cozinha: Sim<\/li>\n<li>Retroilumina\u00e7\u00e3o: Sim*<\/li>\n<\/ul>\n<p>(*com instala\u00e7\u00e3o e assentamento especializado)<\/p>\n<p><strong>DESEMPENHO T\u00c9CNICO<\/strong><\/p>\n<ul>\n<li>Resist\u00eancia \u00e0 abras\u00e3o: Alta<\/li>\n<li>Resist\u00eancia \u00e0 mancha: Alta<\/li>\n<li>Resist\u00eancia \u00e0 Geada e ao Calor: Alta<\/li>\n<li>Resist\u00eancia aos Raios UV: Alta<\/li>\n<\/ul>\n<p><strong>CUIDADOS E MANUTEN\u00c7\u00c3O<\/strong><\/p>\n<p>Tal como os granitos n\u00e3o mancham, n\u00e3o fraturam, nem riscam. Entre os padr\u00f5es texturais apresentam veios e alinhamentos que sugerem riscas ou manchas, todavia, s\u00e3o pr\u00f3prias do exotismo deste material. S\u00e3o pouco sens\u00edveis aos l\u00edquidos e atmosferas acidas ou alcalinas, podem ser limpos com a generalidade dos detergentes e desinfetantes. Porque os seus cristais de quartzo s\u00e3o transl\u00facidos e, por vezes, at\u00e9 hialinos, adequam-se a instala\u00e7\u00f5es com retroilumina\u00e7\u00e3o, nas aplica\u00e7\u00f5es mais exigentes.<\/p>\n","protected":false},"excerpt":{"rendered":"<p>Masterpiece dos granitos, composicionalmente id\u00eantico, mas texturalmente muito mais exuberante: com giga-cristais de quartzo e feldspato com formas cristalinas poligonais, debruado por turmalinas negras, ou micas iridescentes, de brilho nacarado. De g\u00e9nese \u00edgnea, lenta e profunda, em ambiente livre, geralmente em cavidades formadas posteriormente a epis\u00f3dios de fractura\u00e7\u00e3o profunda de&hellip;<\/p>\n","protected":false},"featured_media":5814,"template":"","meta":[],"product_cat":[215],"product_tag":[],"acf":[],"_links":{"self":[{"href":"https:\/\/antoniolongarito.com\/stock\/wp-json\/wp\/v2\/product\/4177"}],"collection":[{"href":"https:\/\/antoniolongarito.com\/stock\/wp-json\/wp\/v2\/product"}],"about":[{"href":"https:\/\/antoniolongarito.com\/stock\/wp-json\/wp\/v2\/types\/product"}],"wp:featuredmedia":[{"embeddable":true,"href":"https:\/\/antoniolongarito.com\/stock\/wp-json\/wp\/v2\/media\/5814"}],"wp:attachment":[{"href":"https:\/\/antoniolongarito.com\/stock\/wp-json\/wp\/v2\/media?parent=4177"}],"wp:term":[{"taxonomy":"product_cat","embeddable":true,"href":"https:\/\/antoniolongarito.com\/stock\/wp-json\/wp\/v2\/product_cat?post=4177"},{"taxonomy":"product_tag","embeddable":true,"href":"https:\/\/antoniolongarito.com\/stock\/wp-json\/wp\/v2\/product_tag?post=4177"}],"curies":[{"name":"wp","href":"https:\/\/api.w.org\/{rel}","templated":true}]}}