{"id":4701,"date":"2021-03-05T15:15:10","date_gmt":"2021-03-05T15:15:10","guid":{"rendered":"https:\/\/antoniolongarito.com\/stock\/?post_type=product&#038;p=4701"},"modified":"2022-01-05T17:59:11","modified_gmt":"2022-01-05T17:59:11","slug":"teakwood-tw37980-2","status":"publish","type":"product","link":"https:\/\/antoniolongarito.com\/stock\/product\/teakwood-tw37980-2\/","title":{"rendered":"Pietra Paesina # TW37980.2"},"content":{"rendered":"<p>Calc\u00e1rio microbandado, de matriz micr\u00edtica, de cor bege, com leve varia\u00e7\u00e3o nos tons dourados. Formada por deposi\u00e7\u00e3o e compacta\u00e7\u00e3o de carbonatos e argilas muito finas, e posterior microfactura\u00e7\u00e3o e impregna\u00e7\u00e3o por hidr\u00f3xidos de ferro e mangan\u00eas. Apresenta altera\u00e7\u00f5es crom\u00e1ticas mais intensas segundo as fraturas verticais e em alguns dos n\u00edveis bandados. Esta textura \u00e9 semelhante \u00e0 da famosa pedra decorativa de Floren\u00e7a, usada desde o s\u00e9culo XVI em embutidos para m\u00f3veis e objetos ornamentais, chamada <em>pietra paesina<\/em>, ou pedra-paisagem, cujas geometrias naturais evocam montanhas, desertos, horizontes ao entardecer, com um c\u00e9u luminoso de tons amarelados.<\/p>\n<p><strong>APLICA\u00c7\u00d5ES<\/strong><\/p>\n<ul>\n<li>Piso exterior: N\u00e3o<\/li>\n<li>Fachada: Sim<\/li>\n<li>Piso interior: Sim*<\/li>\n<li>Revestimento interior: Sim<\/li>\n<li>Casa de Banho: Sim<\/li>\n<li>Lareira: Sim*<\/li>\n<li>Mobili\u00e1rio: Sim<\/li>\n<li>Bancada da cozinha: N\u00e3o<\/li>\n<\/ul>\n<p>(*com tratamento e assentamento especializado)<\/p>\n<p><strong>DESEMPENHO T\u00c9CNICO<\/strong><\/p>\n<ul>\n<li>Resist\u00eancia \u00e0 abras\u00e3o: Baixa<\/li>\n<li>Resist\u00eancia \u00e0 mancha: Moderada<\/li>\n<li>Resist\u00eancia \u00e0 geada e ao calor: Baixa a Moderada<\/li>\n<li>Resist\u00eancia aos raios UV: Moderada<\/li>\n<\/ul>\n<p><strong>CUIDADOS E MANUTEN\u00c7\u00c3O<\/strong><\/p>\n<p>Por ser especialmente vulner\u00e1vel a l\u00edquidos e atmosferas \u00e1cidas, limpar com detergentes neutros. Entre os v\u00e1rios carbonatos apresenta menor porosidade, o que reduz o risco de mancha e amplia a gama de aplica\u00e7\u00f5es em ambientes h\u00famidos. Evite produtos abrasivos ou que possam riscar, como areias e metais.<\/p>\n","protected":false},"excerpt":{"rendered":"<p>Calc\u00e1rio microbandado, de matriz micr\u00edtica, de cor bege, com leve varia\u00e7\u00e3o nos tons dourados. Formada por deposi\u00e7\u00e3o e compacta\u00e7\u00e3o de carbonatos e argilas muito finas, e posterior microfactura\u00e7\u00e3o e impregna\u00e7\u00e3o por hidr\u00f3xidos de ferro e mangan\u00eas. Apresenta altera\u00e7\u00f5es crom\u00e1ticas mais intensas segundo as fraturas verticais e em alguns dos n\u00edveis&hellip;<\/p>\n","protected":false},"featured_media":6593,"template":"","meta":[],"product_cat":[215],"product_tag":[],"acf":[],"_links":{"self":[{"href":"https:\/\/antoniolongarito.com\/stock\/wp-json\/wp\/v2\/product\/4701"}],"collection":[{"href":"https:\/\/antoniolongarito.com\/stock\/wp-json\/wp\/v2\/product"}],"about":[{"href":"https:\/\/antoniolongarito.com\/stock\/wp-json\/wp\/v2\/types\/product"}],"wp:featuredmedia":[{"embeddable":true,"href":"https:\/\/antoniolongarito.com\/stock\/wp-json\/wp\/v2\/media\/6593"}],"wp:attachment":[{"href":"https:\/\/antoniolongarito.com\/stock\/wp-json\/wp\/v2\/media?parent=4701"}],"wp:term":[{"taxonomy":"product_cat","embeddable":true,"href":"https:\/\/antoniolongarito.com\/stock\/wp-json\/wp\/v2\/product_cat?post=4701"},{"taxonomy":"product_tag","embeddable":true,"href":"https:\/\/antoniolongarito.com\/stock\/wp-json\/wp\/v2\/product_tag?post=4701"}],"curies":[{"name":"wp","href":"https:\/\/api.w.org\/{rel}","templated":true}]}}

<p>Calcário microbandado, de matriz micrítica, de cor bege, com leve variação nos tons dourados. Formada por deposição e compactação de carbonatos e argilas muito finas, e posterior microfacturação e impregnação por hidróxidos de ferro e manganês. Apresenta alterações cromáticas mais intensas segundo as fraturas verticais e em alguns dos níveis bandados. Esta textura é semelhante à da famosa pedra decorativa de Florença, usada desde o século XVI em embutidos para móveis e objetos ornamentais, chamada <em>pietra paesina</em>, ou pedra-paisagem, cujas geometrias naturais evocam montanhas, desertos, horizontes ao entardecer, com um céu luminoso de tons amarelados.</p>
<p><strong>APLICAÇÕES</strong></p>
<ul>
<li>Piso exterior: Não</li>
<li>Fachada: Sim</li>
<li>Piso interior: Sim*</li>
<li>Revestimento interior: Sim</li>
<li>Casa de Banho: Sim</li>
<li>Lareira: Sim*</li>
<li>Mobiliário: Sim</li>
<li>Bancada da cozinha: Não</li>
</ul>
<p>(*com tratamento e assentamento especializado)</p>
<p><strong>DESEMPENHO TÉCNICO</strong></p>
<ul>
<li>Resistência à abrasão: Baixa</li>
<li>Resistência à mancha: Moderada</li>
<li>Resistência à geada e ao calor: Baixa a Moderada</li>
<li>Resistência aos raios UV: Moderada</li>
</ul>
<p><strong>CUIDADOS E MANUTENÇÃO</strong></p>
<p>Por ser especialmente vulnerável a líquidos e atmosferas ácidas, limpar com detergentes neutros. Entre os vários carbonatos apresenta menor porosidade, o que reduz o risco de mancha e amplia a gama de aplicações em ambientes húmidos. Evite produtos abrasivos ou que possam riscar, como areias e metais.</p>

<p>Calcário microbandado, de matriz micrítica, de cor bege, com leve variação nos tons dourados. Formada por deposição e compactação de carbonatos e argilas muito finas, e posterior microfacturação e impregnação por hidróxidos de ferro e manganês. Apresenta alterações cromáticas mais intensas segundo as fraturas verticais e em alguns dos níveis&hellip;</p>
