{"id":4960,"date":"2021-03-24T15:16:40","date_gmt":"2021-03-24T15:16:40","guid":{"rendered":"https:\/\/antoniolongarito.com\/stock\/?post_type=product&#038;p=4960"},"modified":"2022-12-26T16:23:04","modified_gmt":"2022-12-26T16:23:04","slug":"magic-brown-2002615l002","status":"publish","type":"product","link":"https:\/\/antoniolongarito.com\/stock\/product\/magic-brown-2002615l002\/","title":{"rendered":"Magic Brown # 2002615L002"},"content":{"rendered":"<p>Lidito bandado, com intercala\u00e7\u00e3o de n\u00edveis castanho-bronze e creme, de brilho sedoso. Matriz de gr\u00e3o muito fino, com arranjo estratificado, r\u00edtmico, levemente ondulado. Rocha silicatada formada em bacia sedimentar, sem tens\u00f5es ou movimentos de rutura, com compacta\u00e7\u00e3o gradual de minerais de argila. Estes foram sendo depositados ciclicamente, com diferentes condi\u00e7\u00f5es ambientais, como a varia\u00e7\u00e3o da temperatura e a concentra\u00e7\u00e3o de \u00f3xidos de ferro, que se reflete na grada\u00e7\u00e3o de cores e na intensidade dos tons das diferentes bandas.<\/p>\n<p><strong>APLICA\u00c7\u00d5ES<\/strong><\/p>\n<ul>\n<li>Piso exterior: N\u00e3o<\/li>\n<li>Fachada: Sim<\/li>\n<li>Piso interior: N\u00e3o<\/li>\n<li>Revestimento interior: Sim<\/li>\n<li>Casa de Banho: Sim<\/li>\n<li>Lareira: Sim<\/li>\n<li>Mobili\u00e1rio: Sim<\/li>\n<li>Bancada da cozinha: N\u00e3o<\/li>\n<li>Retroilumina\u00e7\u00e3o: N\u00e3o<\/li>\n<\/ul>\n<p><strong>DESEMPENHO T\u00c9CNICO<\/strong><\/p>\n<ul>\n<li>Resist\u00eancia \u00e0 abras\u00e3o: Baixa a Moderada<\/li>\n<li>Resist\u00eancia \u00e0 mancha: Moderada<\/li>\n<li>Resist\u00eancia \u00e0 Geada e ao Calor: Alta<\/li>\n<li>Resist\u00eancia aos Raios UV: Moderada a Alta<\/li>\n<\/ul>\n<p><strong>CUIDADOS E MANUTEN\u00c7\u00c3O<\/strong><\/p>\n<p>Pelo arranjo mineral, pode riscar ou ficar com marcas de desgaste se estiver sujeito a muita abras\u00e3o. \u00c9 pouco sens\u00edvel \u00e0 acidez ou \u00e0 alcalinidade, contudo, pode manchar quando em contacto com \u00f3leos e gorduras. Deve evitar-se a limpeza com sab\u00f5es e detergentes desengordurantes, preferindo o uso apenas de pano h\u00famido.<\/p>\n","protected":false},"excerpt":{"rendered":"<p>Lidito bandado, com intercala\u00e7\u00e3o de n\u00edveis castanho-bronze e creme, de brilho sedoso. Matriz de gr\u00e3o muito fino, com arranjo estratificado, r\u00edtmico, levemente ondulado. Rocha silicatada formada em bacia sedimentar, sem tens\u00f5es ou movimentos de rutura, com compacta\u00e7\u00e3o gradual de minerais de argila. Estes foram sendo depositados ciclicamente, com diferentes condi\u00e7\u00f5es&hellip;<\/p>\n","protected":false},"featured_media":4961,"template":"","meta":[],"product_cat":[216],"product_tag":[],"acf":[],"_links":{"self":[{"href":"https:\/\/antoniolongarito.com\/stock\/wp-json\/wp\/v2\/product\/4960"}],"collection":[{"href":"https:\/\/antoniolongarito.com\/stock\/wp-json\/wp\/v2\/product"}],"about":[{"href":"https:\/\/antoniolongarito.com\/stock\/wp-json\/wp\/v2\/types\/product"}],"wp:featuredmedia":[{"embeddable":true,"href":"https:\/\/antoniolongarito.com\/stock\/wp-json\/wp\/v2\/media\/4961"}],"wp:attachment":[{"href":"https:\/\/antoniolongarito.com\/stock\/wp-json\/wp\/v2\/media?parent=4960"}],"wp:term":[{"taxonomy":"product_cat","embeddable":true,"href":"https:\/\/antoniolongarito.com\/stock\/wp-json\/wp\/v2\/product_cat?post=4960"},{"taxonomy":"product_tag","embeddable":true,"href":"https:\/\/antoniolongarito.com\/stock\/wp-json\/wp\/v2\/product_tag?post=4960"}],"curies":[{"name":"wp","href":"https:\/\/api.w.org\/{rel}","templated":true}]}}