{"id":5129,"date":"2021-04-06T15:10:39","date_gmt":"2021-04-06T15:10:39","guid":{"rendered":"https:\/\/antoniolongarito.com\/stock\/?post_type=product&#038;p=5129"},"modified":"2022-09-29T13:52:53","modified_gmt":"2022-09-29T13:52:53","slug":"forest-brown-1035011l003-2","status":"publish","type":"product","link":"https:\/\/antoniolongarito.com\/stock\/product\/forest-brown-1035011l003-2\/","title":{"rendered":"Forest Brown # 1035011L003.2"},"content":{"rendered":"<p>De textura exuberante, com veios salientes sobre uma matriz fina, toque suave, apesar do alto contraste de dureza entre a matriz e os veios. As cores da matriz variam dos tons verdes aos castanhos, os veios al\u00e9m de cor diferente, s\u00e3o de composi\u00e7\u00e3o mineral muito distinta: veios de cores escuras e brilho met\u00e1lico s\u00e3o \u00f3xidos e hidr\u00f3xidos de ferro, com dureza superior; veios brancos e com brilho seroso, t\u00eam muito baixa dureza e s\u00e3o constitu\u00eddos por talco, magnesite, calcite, dolomite.<\/p>\n<p>S\u00e3o rochas silicatadas, com origem em processos metam\u00f3rficos de baixo grau e com forte hidrata\u00e7\u00e3o das rochas ultram\u00e1ficas, ou seja, com baixo conte\u00fado em s\u00edlica. S\u00e3o associadas aos xistos-verdes, de gr\u00e3o muito fino, sem orienta\u00e7\u00e3o aparente na matriz, ocultada em parte pela intrincada venula\u00e7\u00e3o. A composi\u00e7\u00e3o mineral ultrab\u00e1sica inclui, sobretudo, minerais ferromagnesianos, como as serpentinas, e ainda minerais acess\u00f3rios carbonatados.<\/p>\n<p><strong>APLICA\u00c7\u00d5ES<\/strong><\/p>\n<ul>\n<li>Piso exterior: N\u00e3o<\/li>\n<li>Fachada: Sim<\/li>\n<li>Piso interior: N\u00e3o<\/li>\n<li>Revestimento interior: Sim<\/li>\n<li>Casa de Banho: Sim<\/li>\n<li>Lareira: Sim<\/li>\n<li>Mobili\u00e1rio: Sim<\/li>\n<li>Bancada da cozinha: N\u00e3o<\/li>\n<li>Aplica\u00e7\u00f5es retroiluminadas: N\u00e3o<\/li>\n<\/ul>\n<p><strong>DESEMPENHO T\u00c9CNICO<\/strong><\/p>\n<ul>\n<li>Resist\u00eancia \u00e0 abras\u00e3o: Baixa<\/li>\n<li>Resist\u00eancia \u00e0 mancha: Moderado<\/li>\n<li>Sensibilidade qu\u00edmica: Baixa<\/li>\n<li>Resistente ao Calor e Geada: Alto<\/li>\n<li>Resistente aos raios UV: Moderado<\/li>\n<\/ul>\n<p><strong>CUIDADOS E MANUTEN\u00c7\u00c3O<\/strong><\/p>\n<p>Evite a abras\u00e3o com areias ou metais, este material tem composi\u00e7\u00e3o mineral com dureza muito vari\u00e1vel. Os \u00f3leos e os l\u00edquidos altamente pigmentados podem penetrar e manchar alguns veios mais claros e porosos, podendo ser suscet\u00edvel a l\u00edquidos \u00e1cidos ou muito alcalinos, pelo que, deve limpar a superf\u00edcie com detergentes neutros. Pode perder brilho superficial ou mostrar altera\u00e7\u00f5es na cor e na estrutura quando exposto continuamente aos raios UV ou a varia\u00e7\u00f5es e extremos de temperatura.<\/p>\n<p>&nbsp;<\/p>\n","protected":false},"excerpt":{"rendered":"<p>De textura exuberante, com veios salientes sobre uma matriz fina, toque suave, apesar do alto contraste de dureza entre a matriz e os veios. As cores da matriz variam dos tons verdes aos castanhos, os veios al\u00e9m de cor diferente, s\u00e3o de composi\u00e7\u00e3o mineral muito distinta: veios de cores escuras&hellip;<\/p>\n","protected":false},"featured_media":5130,"template":"","meta":[],"product_cat":[215],"product_tag":[],"acf":[],"_links":{"self":[{"href":"https:\/\/antoniolongarito.com\/stock\/wp-json\/wp\/v2\/product\/5129"}],"collection":[{"href":"https:\/\/antoniolongarito.com\/stock\/wp-json\/wp\/v2\/product"}],"about":[{"href":"https:\/\/antoniolongarito.com\/stock\/wp-json\/wp\/v2\/types\/product"}],"wp:featuredmedia":[{"embeddable":true,"href":"https:\/\/antoniolongarito.com\/stock\/wp-json\/wp\/v2\/media\/5130"}],"wp:attachment":[{"href":"https:\/\/antoniolongarito.com\/stock\/wp-json\/wp\/v2\/media?parent=5129"}],"wp:term":[{"taxonomy":"product_cat","embeddable":true,"href":"https:\/\/antoniolongarito.com\/stock\/wp-json\/wp\/v2\/product_cat?post=5129"},{"taxonomy":"product_tag","embeddable":true,"href":"https:\/\/antoniolongarito.com\/stock\/wp-json\/wp\/v2\/product_tag?post=5129"}],"curies":[{"name":"wp","href":"https:\/\/api.w.org\/{rel}","templated":true}]}}