{"id":5164,"date":"2021-04-07T08:54:04","date_gmt":"2021-04-07T08:54:04","guid":{"rendered":"https:\/\/antoniolongarito.com\/stock\/?post_type=product&#038;p=5164"},"modified":"2021-08-04T16:51:09","modified_gmt":"2021-08-04T16:51:09","slug":"daino-real-1038018l002","status":"publish","type":"product","link":"https:\/\/antoniolongarito.com\/stock\/product\/daino-real-1038018l002\/","title":{"rendered":"Daino Real # 1038018L002"},"content":{"rendered":"<p>Calc\u00e1rio ool\u00edtico, ou seja, com uma textura granular arredondada, muito fina, formada pela precipita\u00e7\u00e3o qu\u00edmica inorg\u00e2nica de carbonato de c\u00e1lcio, neste caso a calcite. De cor bege, com grande varia\u00e7\u00e3o dos tons mais claros at\u00e9 aos tons acastanhados da matriz, na qual se real\u00e7am pequenos f\u00f3sseis, muitas vezes orientados em padr\u00f5es ondulados. Pode ainda apresentar veios com recristaliza\u00e7\u00e3o de calcite, muito brancos, transl\u00facidos, ou mais escuros e at\u00e9 bandados por inclu\u00edrem conte\u00fados distintos de \u00f3xidos de ferro. Pela sua cristalinidade e baixa porosidade, permite um polimento de alto brilho, semelhante aos m\u00e1rmores.<\/p>\n<p><strong>APLICA\u00c7\u00d5ES<\/strong><\/p>\n<ul>\n<li>Piso exterior: N\u00e3o<\/li>\n<li>Fachada: Sim<\/li>\n<li>Piso interior: Sim*<\/li>\n<li>Revestimento interior: Sim<\/li>\n<li>Casa de Banho: Sim<\/li>\n<li>Lareira: Sim*<\/li>\n<li>Mobili\u00e1rio: Sim<\/li>\n<li>Bancada da cozinha: N\u00e3o<\/li>\n<\/ul>\n<p>(*com tratamento e assentamento especializado)<\/p>\n<p><strong>DESEMPENHO T\u00c9CNICO<\/strong><\/p>\n<ul>\n<li>Resist\u00eancia \u00e0 abras\u00e3o: Baixa<\/li>\n<li>Resist\u00eancia \u00e0 mancha: Moderado<\/li>\n<li>Resist\u00eancia \u00e0 geada e ao calor: Baixa<\/li>\n<li>Resist\u00eancia aos raios UV: Moderado<\/li>\n<\/ul>\n<p><strong>CUIDADOS E MANUTEN\u00c7\u00c3O<\/strong><\/p>\n<p>Por ser especialmente vulner\u00e1vel a l\u00edquidos e atmosferas \u00e1cidas, a limpeza deve ser feita com detergentes neutros. Entre os v\u00e1rios carbonatos apresenta uma porosidade relativamente baixa, o que reduz o risco de mancha e amplia a gama de aplica\u00e7\u00f5es em ambientes h\u00famidos. Devem evitar-se produtos abrasivos ou que possam riscar, como areias, vidros e metais.<\/p>\n","protected":false},"excerpt":{"rendered":"<p>Calc\u00e1rio ool\u00edtico, ou seja, com uma textura granular arredondada, muito fina, formada pela precipita\u00e7\u00e3o qu\u00edmica inorg\u00e2nica de carbonato de c\u00e1lcio, neste caso a calcite. De cor bege, com grande varia\u00e7\u00e3o dos tons mais claros at\u00e9 aos tons acastanhados da matriz, na qual se real\u00e7am pequenos f\u00f3sseis, muitas vezes orientados em&hellip;<\/p>\n","protected":false},"featured_media":5166,"template":"","meta":[],"product_cat":[216],"product_tag":[],"acf":[],"_links":{"self":[{"href":"https:\/\/antoniolongarito.com\/stock\/wp-json\/wp\/v2\/product\/5164"}],"collection":[{"href":"https:\/\/antoniolongarito.com\/stock\/wp-json\/wp\/v2\/product"}],"about":[{"href":"https:\/\/antoniolongarito.com\/stock\/wp-json\/wp\/v2\/types\/product"}],"wp:featuredmedia":[{"embeddable":true,"href":"https:\/\/antoniolongarito.com\/stock\/wp-json\/wp\/v2\/media\/5166"}],"wp:attachment":[{"href":"https:\/\/antoniolongarito.com\/stock\/wp-json\/wp\/v2\/media?parent=5164"}],"wp:term":[{"taxonomy":"product_cat","embeddable":true,"href":"https:\/\/antoniolongarito.com\/stock\/wp-json\/wp\/v2\/product_cat?post=5164"},{"taxonomy":"product_tag","embeddable":true,"href":"https:\/\/antoniolongarito.com\/stock\/wp-json\/wp\/v2\/product_tag?post=5164"}],"curies":[{"name":"wp","href":"https:\/\/api.w.org\/{rel}","templated":true}]}}