{"id":5535,"date":"2021-04-20T09:58:47","date_gmt":"2021-04-20T09:58:47","guid":{"rendered":"https:\/\/antoniolongarito.com\/stock\/?post_type=product&#038;p=5535"},"modified":"2023-01-03T16:31:41","modified_gmt":"2023-01-03T16:31:41","slug":"portoro-gt1-b2-p14848","status":"publish","type":"product","link":"https:\/\/antoniolongarito.com\/stock\/product\/portoro-gt1-b2-p14848\/","title":{"rendered":"Portoro # GT1.B2.P14848"},"content":{"rendered":"<p>Contraste exuberante, deste calc\u00e1rio negro, de gr\u00e3o fino, levemente metamorfoseado, na transi\u00e7\u00e3o para os m\u00e1rmores. Destacam-se dois padr\u00f5es texturais: ora venular calc\u00edtico, com veios ondulados, laranja-dourados ou brancos; ora brech\u00f3ide, com matriz de cor de laranja, de composi\u00e7\u00e3o goethitica e elementos geom\u00e9tricos negros. S\u00e3o recorrentes as microfraturas ou estrias de compress\u00e3o, chamadas estil\u00f3litos, com preenchimento mineral denso, de cor amarela opaca, que s\u00e3o como costuras invis\u00edveis dum vestido de gala.<\/p>\n<p><strong>APLICA\u00c7\u00d5ES<\/strong><\/p>\n<ul>\n<li>Piso exterior: N\u00e3o<\/li>\n<li>Fachada: Sim<\/li>\n<li>Piso interior: Sim*<\/li>\n<li>Revestimento interior: Sim<\/li>\n<li>Casa de Banho: Sim*<\/li>\n<li>Lareira: Sim*<\/li>\n<li>Mobili\u00e1rio: Sim<\/li>\n<li>Bancada da cozinha: N\u00e3o<\/li>\n<\/ul>\n<p>(*com tratamento e assentamento especializado)<\/p>\n<p><strong>DESEMPENHO T\u00c9CNICO<\/strong><\/p>\n<ul>\n<li>Resist\u00eancia \u00e0 abras\u00e3o: Baixa<\/li>\n<li>Resist\u00eancia \u00e0 mancha: Baixa a Moderada<\/li>\n<li>Resist\u00eancia \u00e0 geada e ao calor: Baixa a Moderada<\/li>\n<li>Resist\u00eancia aos raios UV: Moderada<\/li>\n<\/ul>\n<p><strong>CUIDADOS E MANUTEN\u00c7\u00c3O<\/strong><\/p>\n<p>Por ser especialmente vulner\u00e1vel a l\u00edquidos e atmosferas \u00e1cidas, limpar com detergentes neutros. Entre os v\u00e1rios carbonatos, apresenta menor porosidade, o que reduz o risco de mancha e amplia a gama de aplica\u00e7\u00f5es em ambientes h\u00famidos. Evite produtos abrasivos ou que possam riscar, como areias e metais. Os tratamentos de selagem e impermeabiliza\u00e7\u00e3o s\u00e3o recomendados nas aplica\u00e7\u00f5es exteriores, em maci\u00e7os para estatu\u00e1ria ou aplica\u00e7\u00e3o em maci\u00e7os, todavia os tons matizes n\u00e3o saem penalizados com a exposi\u00e7\u00e3o no exterior, apenas se acentuam os seus contrastes naturais.<\/p>\n","protected":false},"excerpt":{"rendered":"<p>Contraste exuberante, deste calc\u00e1rio negro, de gr\u00e3o fino, levemente metamorfoseado, na transi\u00e7\u00e3o para os m\u00e1rmores. Destacam-se dois padr\u00f5es texturais: ora venular calc\u00edtico, com veios ondulados, laranja-dourados ou brancos; ora brech\u00f3ide, com matriz de cor de laranja, de composi\u00e7\u00e3o goethitica e elementos geom\u00e9tricos negros. S\u00e3o recorrentes as microfraturas ou estrias de&hellip;<\/p>\n","protected":false},"featured_media":5538,"template":"","meta":[],"product_cat":[216],"product_tag":[],"acf":[],"_links":{"self":[{"href":"https:\/\/antoniolongarito.com\/stock\/wp-json\/wp\/v2\/product\/5535"}],"collection":[{"href":"https:\/\/antoniolongarito.com\/stock\/wp-json\/wp\/v2\/product"}],"about":[{"href":"https:\/\/antoniolongarito.com\/stock\/wp-json\/wp\/v2\/types\/product"}],"wp:featuredmedia":[{"embeddable":true,"href":"https:\/\/antoniolongarito.com\/stock\/wp-json\/wp\/v2\/media\/5538"}],"wp:attachment":[{"href":"https:\/\/antoniolongarito.com\/stock\/wp-json\/wp\/v2\/media?parent=5535"}],"wp:term":[{"taxonomy":"product_cat","embeddable":true,"href":"https:\/\/antoniolongarito.com\/stock\/wp-json\/wp\/v2\/product_cat?post=5535"},{"taxonomy":"product_tag","embeddable":true,"href":"https:\/\/antoniolongarito.com\/stock\/wp-json\/wp\/v2\/product_tag?post=5535"}],"curies":[{"name":"wp","href":"https:\/\/api.w.org\/{rel}","templated":true}]}}

<p>Contraste exuberante, deste calcário negro, de grão fino, levemente metamorfoseado, na transição para os mármores. Destacam-se dois padrões texturais: ora venular calcítico, com veios ondulados, laranja-dourados ou brancos; ora brechóide, com matriz de cor de laranja, de composição goethitica e elementos geométricos negros. São recorrentes as microfraturas ou estrias de compressão, chamadas estilólitos, com preenchimento mineral denso, de cor amarela opaca, que são como costuras invisíveis dum vestido de gala.</p>
<p><strong>APLICAÇÕES</strong></p>
<ul>
<li>Piso exterior: Não</li>
<li>Fachada: Sim</li>
<li>Piso interior: Sim*</li>
<li>Revestimento interior: Sim</li>
<li>Casa de Banho: Sim*</li>
<li>Lareira: Sim*</li>
<li>Mobiliário: Sim</li>
<li>Bancada da cozinha: Não</li>
</ul>
<p>(*com tratamento e assentamento especializado)</p>
<p><strong>DESEMPENHO TÉCNICO</strong></p>
<ul>
<li>Resistência à abrasão: Baixa</li>
<li>Resistência à mancha: Baixa a Moderada</li>
<li>Resistência à geada e ao calor: Baixa a Moderada</li>
<li>Resistência aos raios UV: Moderada</li>
</ul>
<p><strong>CUIDADOS E MANUTENÇÃO</strong></p>
<p>Por ser especialmente vulnerável a líquidos e atmosferas ácidas, limpar com detergentes neutros. Entre os vários carbonatos, apresenta menor porosidade, o que reduz o risco de mancha e amplia a gama de aplicações em ambientes húmidos. Evite produtos abrasivos ou que possam riscar, como areias e metais. Os tratamentos de selagem e impermeabilização são recomendados nas aplicações exteriores, em maciços para estatuária ou aplicação em maciços, todavia os tons matizes não saem penalizados com a exposição no exterior, apenas se acentuam os seus contrastes naturais.</p>

<p>Contraste exuberante, deste calcário negro, de grão fino, levemente metamorfoseado, na transição para os mármores. Destacam-se dois padrões texturais: ora venular calcítico, com veios ondulados, laranja-dourados ou brancos; ora brechóide, com matriz de cor de laranja, de composição goethitica e elementos geométricos negros. São recorrentes as microfraturas ou estrias de&hellip;</p>
