{"id":6374,"date":"2021-07-30T09:43:39","date_gmt":"2021-07-30T09:43:39","guid":{"rendered":"https:\/\/antoniolongarito.com\/stock\/?post_type=product&#038;p=6374"},"modified":"2022-12-26T11:32:40","modified_gmt":"2022-12-26T11:32:40","slug":"estremoz-1034921l001","status":"publish","type":"product","link":"https:\/\/antoniolongarito.com\/stock\/product\/estremoz-1034921l001\/","title":{"rendered":"Estremoz # 1034921L001"},"content":{"rendered":"<p style=\"text-align: right\">M\u00e1rmore calc\u00edtico, de textura venular com alinhamento paralelo bem pronunciado, intercalado pelos tons cinza, mais claros e mais escuros, com transi\u00e7\u00e3o gradual para a matriz cinza. Nos tons mais escuros e de mais alto contraste, as pontua\u00e7\u00f5es e os veios apresentam um leve brilho met\u00e1lico. Este gradiente deve-se \u00e0 g\u00e9nese metam\u00f3rfica, em profundidade com alta press\u00e3o e temperatura, reformulando rochas pr\u00e9-existentes, como calc\u00e1rios e liditos. Os veios marcados devem-se \u00e0 presen\u00e7a de minerais reativos do grupo dos sulfuretos, que se v\u00e3o equilibrando ao longo do tempo de forma\u00e7\u00e3o, passando a integrar a matriz nas v\u00e1rias tonalidades de cinza. Este Estremoz \u00e9 muitas vezes designado de Pele de Tigre.<\/p>\n<p><strong>APLICA\u00c7\u00d5ES<\/strong><\/p>\n<ul>\n<li>Piso exterior: Sim*<\/li>\n<li>Fachada: Sim*<\/li>\n<li>Piso interior: Sim*<\/li>\n<li>Revestimento interior: Sim<\/li>\n<li>Casa de Banho: Sim<\/li>\n<li>Lareira: Sim*<\/li>\n<li>Mobili\u00e1rio: Sim<\/li>\n<li>Bancada da cozinha: N\u00e3o<\/li>\n<li>Retroilumina\u00e7\u00e3o: N\u00e3o<\/li>\n<\/ul>\n<p>(*com tratamento e assentamento especializado)<\/p>\n<p><strong>DESEMPENHO T\u00c9CNICO<\/strong><\/p>\n<ul>\n<li>Resist\u00eancia \u00e0 abras\u00e3o: Baixa a Moderada<\/li>\n<li>Resist\u00eancia \u00e0 mancha: Moderada<\/li>\n<li>Resist\u00eancia \u00e0 Geada e Calor: Moderada<\/li>\n<li>Resist\u00eancia aos raios UV: Moderada a Alta<\/li>\n<\/ul>\n<p><strong>CUIDADOS E MANUTEN\u00c7\u00c3O<\/strong><\/p>\n<p>O m\u00e1rmore apesar de muito pouco poroso \u00e9 especialmente vulner\u00e1vel a \u00e1cidos dom\u00e9sticos como vinagre, mostarda, citrinos, etc. Os l\u00edquidos \u00e1cidos podem causar manchas quando entram em contacto com a superf\u00edcie se n\u00e3o forem imediatamente limpos. Para evitar isto aconselha-se um tratamento impermeabilizante. Para a limpeza di\u00e1ria recomenda-se um detergente de pH neutro. Como n\u00e3o \u00e9 uma pedra natural dura, risca e sofre abras\u00e3o com a utiliza\u00e7\u00e3o continuada, perdendo o polimento sem, contudo, perder o brilho natural.<\/p>\n","protected":false},"excerpt":{"rendered":"<p>M\u00e1rmore calc\u00edtico, de textura venular com alinhamento paralelo bem pronunciado, intercalado pelos tons cinza, mais claros e mais escuros, com transi\u00e7\u00e3o gradual para a matriz cinza. Nos tons mais escuros e de mais alto contraste, as pontua\u00e7\u00f5es e os veios apresentam um leve brilho met\u00e1lico. Este gradiente deve-se \u00e0 g\u00e9nese&hellip;<\/p>\n","protected":false},"featured_media":6375,"template":"","meta":[],"product_cat":[216],"product_tag":[],"acf":[],"_links":{"self":[{"href":"https:\/\/antoniolongarito.com\/stock\/wp-json\/wp\/v2\/product\/6374"}],"collection":[{"href":"https:\/\/antoniolongarito.com\/stock\/wp-json\/wp\/v2\/product"}],"about":[{"href":"https:\/\/antoniolongarito.com\/stock\/wp-json\/wp\/v2\/types\/product"}],"wp:featuredmedia":[{"embeddable":true,"href":"https:\/\/antoniolongarito.com\/stock\/wp-json\/wp\/v2\/media\/6375"}],"wp:attachment":[{"href":"https:\/\/antoniolongarito.com\/stock\/wp-json\/wp\/v2\/media?parent=6374"}],"wp:term":[{"taxonomy":"product_cat","embeddable":true,"href":"https:\/\/antoniolongarito.com\/stock\/wp-json\/wp\/v2\/product_cat?post=6374"},{"taxonomy":"product_tag","embeddable":true,"href":"https:\/\/antoniolongarito.com\/stock\/wp-json\/wp\/v2\/product_tag?post=6374"}],"curies":[{"name":"wp","href":"https:\/\/api.w.org\/{rel}","templated":true}]}}