{"id":6541,"date":"2021-10-04T10:44:25","date_gmt":"2021-10-04T10:44:25","guid":{"rendered":"https:\/\/antoniolongarito.com\/stock\/?post_type=product&#038;p=6541"},"modified":"2024-08-05T14:40:01","modified_gmt":"2024-08-05T14:40:01","slug":"camouflage-2002621l001","status":"publish","type":"product","link":"https:\/\/antoniolongarito.com\/stock\/product\/camouflage-2002621l001\/","title":{"rendered":"Camouflage # 2002621L001 &#8211; FORA DE STOCK"},"content":{"rendered":"<p>Dolomite brechificada, de matriz fina, com enorme varia\u00e7\u00e3o dos tons castanho-creme at\u00e9 aos tons bege. Textura densa, com arranjo geom\u00e9trico e org\u00e2nico, dobrado e fragmentado, semelhante a uma camuflagem caqui. D\u00e3o alto contraste os veios brancos, que resultam do preenchimento calc\u00edtico das fraturas de tra\u00e7\u00e3o. Menos destacadas s\u00e3o as bandas, de matriz mais escura, onde se podem ver clastos redondos de v\u00e1rios tamanhos, como que rolando sobre uma superf\u00edcie em movimento.<\/p>\n<p><strong>APLICA\u00c7\u00d5ES<\/strong><\/p>\n<ul>\n<li>Piso exterior: N\u00e3o<\/li>\n<li>Fachada: Sim*<\/li>\n<li>Piso interior: Sim*<\/li>\n<li>Revestimento interior: Sim<\/li>\n<li>Casa de Banho: Sim<\/li>\n<li>Lareira: Sim*<\/li>\n<li>Mobili\u00e1rio: Sim<\/li>\n<li>Bancada da cozinha: N\u00e3o<\/li>\n<li>Retroilumina\u00e7\u00e3o: N\u00e3o<\/li>\n<\/ul>\n<p>(*com tratamento, assentamento e instala\u00e7\u00e3o especializada)<\/p>\n<p><strong>DESEMPENHO T\u00c9CNICO<\/strong><\/p>\n<ul>\n<li>Resist\u00eancia \u00e0 abras\u00e3o: Baixa a Moderada<\/li>\n<li>Resist\u00eancia \u00e0 mancha: Baixa<\/li>\n<li>Resist\u00eancia \u00e0 Geada e Calor: Moderada<\/li>\n<li>Resist\u00eancia aos raios UV: Moderada<\/li>\n<\/ul>\n<p><strong>CUIDADOS E MANUTEN\u00c7\u00c3O<\/strong><\/p>\n<p>A dolomite, apesar de pouco porosa \u00e9 especialmente vulner\u00e1vel a \u00e1cidos dom\u00e9sticos como vinagre, mostarda, citrinos, etc. Com o tratamento &#8220;A ZERO BACT PLUS&#8221; reduz-se drasticamente a sensibilidade aos \u00e1cidos, aumentando a resist\u00eancia qu\u00edmica da superf\u00edcie que deixa de ser suscet\u00edvel a manchas. Este tratamento ainda reduz consideravelmente a prolifera\u00e7\u00e3o microbiana. Recomenda-se a limpeza com produtos pouco abrasivos.<\/p>\n","protected":false},"excerpt":{"rendered":"<p>Dolomite brechificada, de matriz fina, com enorme varia\u00e7\u00e3o dos tons castanho-creme at\u00e9 aos tons bege. Textura densa, com arranjo geom\u00e9trico e org\u00e2nico, dobrado e fragmentado, semelhante a uma camuflagem caqui. D\u00e3o alto contraste os veios brancos, que resultam do preenchimento calc\u00edtico das fraturas de tra\u00e7\u00e3o. Menos destacadas s\u00e3o as bandas,&hellip;<\/p>\n","protected":false},"featured_media":6542,"template":"","meta":[],"product_cat":[216],"product_tag":[],"acf":[],"_links":{"self":[{"href":"https:\/\/antoniolongarito.com\/stock\/wp-json\/wp\/v2\/product\/6541"}],"collection":[{"href":"https:\/\/antoniolongarito.com\/stock\/wp-json\/wp\/v2\/product"}],"about":[{"href":"https:\/\/antoniolongarito.com\/stock\/wp-json\/wp\/v2\/types\/product"}],"wp:featuredmedia":[{"embeddable":true,"href":"https:\/\/antoniolongarito.com\/stock\/wp-json\/wp\/v2\/media\/6542"}],"wp:attachment":[{"href":"https:\/\/antoniolongarito.com\/stock\/wp-json\/wp\/v2\/media?parent=6541"}],"wp:term":[{"taxonomy":"product_cat","embeddable":true,"href":"https:\/\/antoniolongarito.com\/stock\/wp-json\/wp\/v2\/product_cat?post=6541"},{"taxonomy":"product_tag","embeddable":true,"href":"https:\/\/antoniolongarito.com\/stock\/wp-json\/wp\/v2\/product_tag?post=6541"}],"curies":[{"name":"wp","href":"https:\/\/api.w.org\/{rel}","templated":true}]}}