{"id":6687,"date":"2021-11-03T16:26:28","date_gmt":"2021-11-03T16:26:28","guid":{"rendered":"https:\/\/antoniolongarito.com\/stock\/?post_type=product&#038;p=6687"},"modified":"2023-05-30T09:30:14","modified_gmt":"2023-05-30T09:30:14","slug":"calacatta-viola-1005521l001","status":"publish","type":"product","link":"https:\/\/antoniolongarito.com\/stock\/product\/calacatta-viola-1005521l001\/","title":{"rendered":"Calacatta Viola # 1005521L001"},"content":{"rendered":"<p>Brecha-conglomerado, com clastos de m\u00e1rmore calc\u00edtico de cor branca a rosada, com varia\u00e7\u00e3o suave at\u00e9 aos tons cinza, por vezes zonados e com orlas douradas. Textura brechoide, de alto contraste entre os giga-clastos e a matriz rubra-violeta escura, amplamente recristalizada por \u00f3xidos de ferro e calcite.<\/p>\n<p><strong>APLICA\u00c7\u00d5ES<\/strong><\/p>\n<ul>\n<li>Piso exterior: Sim*<\/li>\n<li>Fachada: Sim*<\/li>\n<li>Piso interior: Sim*<\/li>\n<li>Revestimento interior: Sim<\/li>\n<li>Casa de Banho: Sim<\/li>\n<li>Lareira: Sim*<\/li>\n<li>Mobili\u00e1rio: Sim<\/li>\n<li>Bancada da cozinha: N\u00e3o<\/li>\n<li>Retroilumina\u00e7\u00e3o: N\u00e3o<\/li>\n<\/ul>\n<p>(*com tratamento e assentamento especializado)<\/p>\n<p><strong>DESEMPENHO T\u00c9CNICO<\/strong><\/p>\n<ul>\n<li>Resist\u00eancia \u00e0 abras\u00e3o: Baixa<\/li>\n<li>Resist\u00eancia \u00e0 mancha: Baixa a Moderada<\/li>\n<li>Resist\u00eancia \u00e0 Geada e Calor: Moderada<\/li>\n<li>Resist\u00eancia aos raios UV: Baixa a Moderada<\/li>\n<\/ul>\n<p><strong>CUIDADOS E MANUTEN\u00c7\u00c3O<\/strong><\/p>\n<p>Um m\u00e1rmore brecha \u00e9 tendencialmente mais poroso e vulner\u00e1vel a \u00e1cidos dom\u00e9sticos como vinagre, mostarda, citrinos, etc. Os l\u00edquidos \u00e1cidos podem causar manchas quando entram em contacto com a superf\u00edcie se n\u00e3o forem imediatamente limpos. Para evitar isto aconselha-se um tratamento impermeabilizante. Para a limpeza di\u00e1ria recomenda-se um detergente de pH neutro. Como n\u00e3o \u00e9 um material duro, risca e sofre abras\u00e3o com a utiliza\u00e7\u00e3o continuada, pode perder o polimento sem perder o brilho natural.<\/p>\n","protected":false},"excerpt":{"rendered":"<p>Brecha-conglomerado, com clastos de m\u00e1rmore calc\u00edtico de cor branca a rosada, com varia\u00e7\u00e3o suave at\u00e9 aos tons cinza, por vezes zonados e com orlas douradas. Textura brechoide, de alto contraste entre os giga-clastos e a matriz rubra-violeta escura, amplamente recristalizada por \u00f3xidos de ferro e calcite. APLICA\u00c7\u00d5ES Piso exterior: Sim*&hellip;<\/p>\n","protected":false},"featured_media":6690,"template":"","meta":[],"product_cat":[216],"product_tag":[],"acf":[],"_links":{"self":[{"href":"https:\/\/antoniolongarito.com\/stock\/wp-json\/wp\/v2\/product\/6687"}],"collection":[{"href":"https:\/\/antoniolongarito.com\/stock\/wp-json\/wp\/v2\/product"}],"about":[{"href":"https:\/\/antoniolongarito.com\/stock\/wp-json\/wp\/v2\/types\/product"}],"wp:featuredmedia":[{"embeddable":true,"href":"https:\/\/antoniolongarito.com\/stock\/wp-json\/wp\/v2\/media\/6690"}],"wp:attachment":[{"href":"https:\/\/antoniolongarito.com\/stock\/wp-json\/wp\/v2\/media?parent=6687"}],"wp:term":[{"taxonomy":"product_cat","embeddable":true,"href":"https:\/\/antoniolongarito.com\/stock\/wp-json\/wp\/v2\/product_cat?post=6687"},{"taxonomy":"product_tag","embeddable":true,"href":"https:\/\/antoniolongarito.com\/stock\/wp-json\/wp\/v2\/product_tag?post=6687"}],"curies":[{"name":"wp","href":"https:\/\/api.w.org\/{rel}","templated":true}]}}