{"id":6694,"date":"2021-11-03T16:50:04","date_gmt":"2021-11-03T16:50:04","guid":{"rendered":"https:\/\/antoniolongarito.com\/stock\/?post_type=product&#038;p=6694"},"modified":"2023-11-22T12:09:50","modified_gmt":"2023-11-22T12:09:50","slug":"travertino-lv-2004019l001","status":"publish","type":"product","link":"https:\/\/antoniolongarito.com\/stock\/product\/travertino-lv-2004019l001\/","title":{"rendered":"Travertino LV # 2004019L001"},"content":{"rendered":"<p>Calc\u00e1rio bandado, poroso, formado por evapora\u00e7\u00e3o e precipita\u00e7\u00e3o de \u00e1guas calc\u00e1rias num fen\u00f3meno equivalente \u00e0 forma\u00e7\u00e3o de estalactites e estalagmites que ocorre hoje em algumas grutas ou nascentes. A tonalidade das suas bandas pode variar conforme as condi\u00e7\u00f5es do ambiente de forma\u00e7\u00e3o. Muitas vezes s\u00e3o enriquecidas por compostos org\u00e2nicos ou \u00f3xidos de ferro que refor\u00e7am as toneladas cinza ou laranja. Este travertino tem toneladas claras, variam do bege ao branco e s\u00e3o naturalmente brilhantes, mesmo com acabamento serrado.<\/p>\n<p><strong>APLICA\u00c7\u00d5ES:<\/strong><\/p>\n<ul>\n<li>Piso exterior: N\u00e3o<\/li>\n<li>Fachada: Sim<\/li>\n<li>Piso interior: Sim*<\/li>\n<li>Revestimento interior: Sim<\/li>\n<li>Casa de Banho: Sim*<\/li>\n<li>Lareira: Sim*<\/li>\n<li>Mobili\u00e1rio: Sim<\/li>\n<li>Bancada da cozinha: N\u00e3o<\/li>\n<\/ul>\n<p>(*com tratamento e assentamento especializado)<\/p>\n<p><strong>DESEMPENHO T\u00c9CNICO<\/strong><\/p>\n<ul>\n<li>Resist\u00eancia \u00e0 abras\u00e3o: Baixa<\/li>\n<li>Resist\u00eancia \u00e0 mancha: Baixa a Moderada<\/li>\n<li>Resist\u00eancia \u00e0 geada e ao calor: Baixa a Moderada<\/li>\n<li>Resist\u00eancia aos raios UV: Moderada<\/li>\n<\/ul>\n<p><strong>CUIDADOS E MANUTEN\u00c7\u00c3O<\/strong><\/p>\n<p>Esta pedra n\u00e3o \u00e9 beneficiada por resinas superficiais, os seus poros naturais d\u00e3o um toque macio \u00e0 superf\u00edcie. Sem ter qualquer tratamento \u00e9 mais vulner\u00e1vel a l\u00edquidos e atmosferas \u00e1cidas, deve ser limpa apenas com um pano h\u00famido, evitando a exposi\u00e7\u00e3o ao fumo e os produtos abrasivos ou que possam riscar a superf\u00edcie.<\/p>\n","protected":false},"excerpt":{"rendered":"<p>Calc\u00e1rio bandado, poroso, formado por evapora\u00e7\u00e3o e precipita\u00e7\u00e3o de \u00e1guas calc\u00e1rias num fen\u00f3meno equivalente \u00e0 forma\u00e7\u00e3o de estalactites e estalagmites que ocorre hoje em algumas grutas ou nascentes. A tonalidade das suas bandas pode variar conforme as condi\u00e7\u00f5es do ambiente de forma\u00e7\u00e3o. Muitas vezes s\u00e3o enriquecidas por compostos org\u00e2nicos ou&hellip;<\/p>\n","protected":false},"featured_media":7608,"template":"","meta":[],"product_cat":[216],"product_tag":[],"acf":[],"_links":{"self":[{"href":"https:\/\/antoniolongarito.com\/stock\/wp-json\/wp\/v2\/product\/6694"}],"collection":[{"href":"https:\/\/antoniolongarito.com\/stock\/wp-json\/wp\/v2\/product"}],"about":[{"href":"https:\/\/antoniolongarito.com\/stock\/wp-json\/wp\/v2\/types\/product"}],"wp:featuredmedia":[{"embeddable":true,"href":"https:\/\/antoniolongarito.com\/stock\/wp-json\/wp\/v2\/media\/7608"}],"wp:attachment":[{"href":"https:\/\/antoniolongarito.com\/stock\/wp-json\/wp\/v2\/media?parent=6694"}],"wp:term":[{"taxonomy":"product_cat","embeddable":true,"href":"https:\/\/antoniolongarito.com\/stock\/wp-json\/wp\/v2\/product_cat?post=6694"},{"taxonomy":"product_tag","embeddable":true,"href":"https:\/\/antoniolongarito.com\/stock\/wp-json\/wp\/v2\/product_tag?post=6694"}],"curies":[{"name":"wp","href":"https:\/\/api.w.org\/{rel}","templated":true}]}}