{"id":7141,"date":"2022-10-07T11:13:44","date_gmt":"2022-10-07T11:13:44","guid":{"rendered":"https:\/\/antoniolongarito.com\/stock\/?post_type=product&#038;p=7141"},"modified":"2024-10-08T11:30:47","modified_gmt":"2024-10-08T11:30:47","slug":"nero-marquina-2004022l002","status":"publish","type":"product","link":"https:\/\/antoniolongarito.com\/stock\/product\/nero-marquina-2004022l002\/","title":{"rendered":"Nero Marquina # 2004022L002 &#8211;  FORA DE STOCK"},"content":{"rendered":"<p>Fort\u00edssimo contraste, branco e preto, define este calc\u00e1rio negro, fossil\u00edfero, de matriz carbonosa, com varia\u00e7\u00f5es t\u00e9nues cinzentas escuras. A textura fossil\u00edfera irregular, suavizada pelo bom polimento e o tratamento da superf\u00edcie. Os veios brancos de calcite, t\u00eam reflexos cristalinos segundo as formas mais variadas: lineares, onduladas, at\u00e9 \u00e0s pontua\u00e7\u00f5es e contornos fosseis singulares. Todos estes elementos d\u00e3o enorme destaque \u00e0 matriz negra, refor\u00e7ando a intensidade da matriz negra.<\/p>\n<p><strong>APLICA\u00c7\u00d5ES<\/strong><\/p>\n<ul>\n<li>Piso exterior: N\u00e3o<\/li>\n<li>Fachada: N\u00e3o<\/li>\n<li>Piso interior: Sim*<\/li>\n<li>Revestimento interior: Sim<\/li>\n<li>Casa de Banho: Sim*<\/li>\n<li>Lareira: Sim*<\/li>\n<li>Mobili\u00e1rio: Sim<\/li>\n<li>Bancada da cozinha: N\u00e3o<\/li>\n<\/ul>\n<p>(*com tratamento e assentamento especializado)<\/p>\n<p><strong>DESEMPENHO T\u00c9CNICO<\/strong><\/p>\n<ul>\n<li>Resist\u00eancia \u00e0 abras\u00e3o: Baixa<\/li>\n<li>Resist\u00eancia \u00e0 mancha: Baixa<\/li>\n<li>Resist\u00eancia \u00e0 geada e ao calor: Baixa a Moderada<\/li>\n<li>Resist\u00eancia aos raios UV: Baixa<\/li>\n<\/ul>\n<p><strong>CUIDADOS E MANUTEN\u00c7\u00c3O<\/strong><\/p>\n<p>Por ser vulner\u00e1vel a l\u00edquidos e a atmosferas \u00e1cidas, limpe com detergentes neutros. Com exposi\u00e7\u00e3o muito incidente aos raios UV podem formar-se manchas e irregularidades na matriz negra. Evite produtos abrasivos ou que possam riscar, como areias e metais. Os tratamentos de selagem e impermeabiliza\u00e7\u00e3o s\u00e3o recomendados nas aplica\u00e7\u00f5es exteriores e em ambientes h\u00famidos.<\/p>\n","protected":false},"excerpt":{"rendered":"<p>Fort\u00edssimo contraste, branco e preto, define este calc\u00e1rio negro, fossil\u00edfero, de matriz carbonosa, com varia\u00e7\u00f5es t\u00e9nues cinzentas escuras. A textura fossil\u00edfera irregular, suavizada pelo bom polimento e o tratamento da superf\u00edcie. Os veios brancos de calcite, t\u00eam reflexos cristalinos segundo as formas mais variadas: lineares, onduladas, at\u00e9 \u00e0s pontua\u00e7\u00f5es e&hellip;<\/p>\n","protected":false},"featured_media":7436,"template":"","meta":[],"product_cat":[216],"product_tag":[593,591,590,303,592,589],"acf":[],"_links":{"self":[{"href":"https:\/\/antoniolongarito.com\/stock\/wp-json\/wp\/v2\/product\/7141"}],"collection":[{"href":"https:\/\/antoniolongarito.com\/stock\/wp-json\/wp\/v2\/product"}],"about":[{"href":"https:\/\/antoniolongarito.com\/stock\/wp-json\/wp\/v2\/types\/product"}],"wp:featuredmedia":[{"embeddable":true,"href":"https:\/\/antoniolongarito.com\/stock\/wp-json\/wp\/v2\/media\/7436"}],"wp:attachment":[{"href":"https:\/\/antoniolongarito.com\/stock\/wp-json\/wp\/v2\/media?parent=7141"}],"wp:term":[{"taxonomy":"product_cat","embeddable":true,"href":"https:\/\/antoniolongarito.com\/stock\/wp-json\/wp\/v2\/product_cat?post=7141"},{"taxonomy":"product_tag","embeddable":true,"href":"https:\/\/antoniolongarito.com\/stock\/wp-json\/wp\/v2\/product_tag?post=7141"}],"curies":[{"name":"wp","href":"https:\/\/api.w.org\/{rel}","templated":true}]}}

<p>Fortíssimo contraste, branco e preto, define este calcário negro, fossilífero, de matriz carbonosa, com variações ténues cinzentas escuras. A textura fossilífera irregular, suavizada pelo bom polimento e o tratamento da superfície. Os veios brancos de calcite, têm reflexos cristalinos segundo as formas mais variadas: lineares, onduladas, até às pontuações e contornos fosseis singulares. Todos estes elementos dão enorme destaque à matriz negra, reforçando a intensidade da matriz negra.</p>
<p><strong>APLICAÇÕES</strong></p>
<ul>
<li>Piso exterior: Não</li>
<li>Fachada: Não</li>
<li>Piso interior: Sim*</li>
<li>Revestimento interior: Sim</li>
<li>Casa de Banho: Sim*</li>
<li>Lareira: Sim*</li>
<li>Mobiliário: Sim</li>
<li>Bancada da cozinha: Não</li>
</ul>
<p>(*com tratamento e assentamento especializado)</p>
<p><strong>DESEMPENHO TÉCNICO</strong></p>
<ul>
<li>Resistência à abrasão: Baixa</li>
<li>Resistência à mancha: Baixa</li>
<li>Resistência à geada e ao calor: Baixa a Moderada</li>
<li>Resistência aos raios UV: Baixa</li>
</ul>
<p><strong>CUIDADOS E MANUTENÇÃO</strong></p>
<p>Por ser vulnerável a líquidos e a atmosferas ácidas, limpe com detergentes neutros. Com exposição muito incidente aos raios UV podem formar-se manchas e irregularidades na matriz negra. Evite produtos abrasivos ou que possam riscar, como areias e metais. Os tratamentos de selagem e impermeabilização são recomendados nas aplicações exteriores e em ambientes húmidos.</p>

<p>Fortíssimo contraste, branco e preto, define este calcário negro, fossilífero, de matriz carbonosa, com variações ténues cinzentas escuras. A textura fossilífera irregular, suavizada pelo bom polimento e o tratamento da superfície. Os veios brancos de calcite, têm reflexos cristalinos segundo as formas mais variadas: lineares, onduladas, até às pontuações e&hellip;</p>
