{"id":7276,"date":"2022-11-24T16:25:51","date_gmt":"2022-11-24T16:25:51","guid":{"rendered":"https:\/\/antoniolongarito.com\/stock\/?post_type=product&#038;p=7276"},"modified":"2024-06-23T17:21:48","modified_gmt":"2024-06-23T17:21:48","slug":"quartzite-crystal-maestro1005522l001","status":"publish","type":"product","link":"https:\/\/antoniolongarito.com\/stock\/product\/quartzite-crystal-maestro1005522l001\/","title":{"rendered":"Quartzite Crystal Maestro # 1005522L001"},"content":{"rendered":"<p>Quartzito cristalino, de brilho v\u00edtreo e cor verde-\u00e1gua, com leve pleocro\u00edsmo, conforme o \u00e2ngulo de observa\u00e7\u00e3o, as cores e os tons variam, um fen\u00f3meno t\u00edpico do quartzo que este quartzito real\u00e7a de forma \u00fanica! Estrutura levemente cataclasada, que refor\u00e7a os reflexos brilhantes como num espelho de \u00e1gua. De natureza silicatada, formado por metamorfismo, re\u00fane as melhores propriedades de um granito, a resist\u00eancia mec\u00e2nica e qu\u00edmica, e a leveza dos tons claros de um m\u00e1rmore.<\/p>\n<p><strong>APLICA\u00c7\u00d5ES<\/strong><\/p>\n<ul>\n<li>Piso exterior: Sim<\/li>\n<li>Fachada: Sim<\/li>\n<li>Piso interior: Sim<\/li>\n<li>Revestimento interior: Sim<\/li>\n<li>Casa de Banho: Sim<\/li>\n<li>Lareira: Sim<\/li>\n<li>Mobili\u00e1rio: Sim<\/li>\n<li>Bancada da cozinha: Sim<\/li>\n<li>Retroilumina\u00e7\u00e3o: Sim<\/li>\n<\/ul>\n<p><strong>DESEMPENHO T\u00c9CNICO<\/strong><\/p>\n<ul>\n<li>Resist\u00eancia \u00e0 abras\u00e3o: Alta<\/li>\n<li>Resist\u00eancia \u00e0 mancha: Alta<\/li>\n<li>Resist\u00eancia \u00e0 Geada e ao Calor: Alta<\/li>\n<li>Resist\u00eancia aos Raios UV: Alta<\/li>\n<\/ul>\n<p><strong>CUIDADOS E MANUTEN\u00c7\u00c3O<\/strong><\/p>\n<p>Tal como os granitos n\u00e3o mancham, n\u00e3o fraturam, nem riscam. Entre os padr\u00f5es texturais apresentam uma fractura\u00e7\u00e3o fina, com preenchimento mineral, que sela toda a matriz, leve impregna\u00e7\u00e3o com \u00f3xidos, que conferem tons dourados e rubros \u00e0 matriz, pr\u00f3prios do exotismo deste material. S\u00e3o pouco sens\u00edveis aos l\u00edquidos e atmosferas \u00e1cidas ou alcalinas, podem ser limpos com a generalidade dos detergentes e desinfetantes. Porque t\u00eam alto contraste de dureza adequam-se bem aos acabamentos polido, leather ou amaciado. O seu polimento persiste e a superf\u00edcie mant\u00e9m-se muito brilhante, mas pode receber novo polimento se estiver sujeito a maior abras\u00e3o.<\/p>\n","protected":false},"excerpt":{"rendered":"<p>Quartzito cristalino, de brilho v\u00edtreo e cor verde-\u00e1gua, com leve pleocro\u00edsmo, conforme o \u00e2ngulo de observa\u00e7\u00e3o, as cores e os tons variam, um fen\u00f3meno t\u00edpico do quartzo que este quartzito real\u00e7a de forma \u00fanica! Estrutura levemente cataclasada, que refor\u00e7a os reflexos brilhantes como num espelho de \u00e1gua. De natureza silicatada,&hellip;<\/p>\n","protected":false},"featured_media":7281,"template":"","meta":[],"product_cat":[215],"product_tag":[],"acf":[],"_links":{"self":[{"href":"https:\/\/antoniolongarito.com\/stock\/wp-json\/wp\/v2\/product\/7276"}],"collection":[{"href":"https:\/\/antoniolongarito.com\/stock\/wp-json\/wp\/v2\/product"}],"about":[{"href":"https:\/\/antoniolongarito.com\/stock\/wp-json\/wp\/v2\/types\/product"}],"wp:featuredmedia":[{"embeddable":true,"href":"https:\/\/antoniolongarito.com\/stock\/wp-json\/wp\/v2\/media\/7281"}],"wp:attachment":[{"href":"https:\/\/antoniolongarito.com\/stock\/wp-json\/wp\/v2\/media?parent=7276"}],"wp:term":[{"taxonomy":"product_cat","embeddable":true,"href":"https:\/\/antoniolongarito.com\/stock\/wp-json\/wp\/v2\/product_cat?post=7276"},{"taxonomy":"product_tag","embeddable":true,"href":"https:\/\/antoniolongarito.com\/stock\/wp-json\/wp\/v2\/product_tag?post=7276"}],"curies":[{"name":"wp","href":"https:\/\/api.w.org\/{rel}","templated":true}]}}