{"id":7402,"date":"2023-01-05T10:08:48","date_gmt":"2023-01-05T10:08:48","guid":{"rendered":"https:\/\/antoniolongarito.com\/stock\/?post_type=product&#038;p=7402"},"modified":"2023-01-05T11:44:02","modified_gmt":"2023-01-05T11:44:02","slug":"silver-quartzite2002613l001-1","status":"publish","type":"product","link":"https:\/\/antoniolongarito.com\/stock\/product\/silver-quartzite2002613l001-1\/","title":{"rendered":"Silver Quartzite # 2002613L001"},"content":{"rendered":"<p><strong>APLICA\u00c7\u00d5ES<\/strong><\/p>\n<ul>\n<li>Piso exterior: Sim<\/li>\n<li>Fachada: Sim<\/li>\n<li>Piso interior: Sim<\/li>\n<li>Revestimento interior: Sim<\/li>\n<li>Casa de Banho: Sim<\/li>\n<li>Lareira: Sim<\/li>\n<li>Mobili\u00e1rio: Sim<\/li>\n<li>Bancada da cozinha: Sim<\/li>\n<li>Retroilumina\u00e7\u00e3o: Sim<\/li>\n<\/ul>\n<p><strong>DESEMPENHO T\u00c9CNICO<\/strong><\/p>\n<ul>\n<li>Resist\u00eancia \u00e0 abras\u00e3o: Alta<\/li>\n<li>Resist\u00eancia \u00e0 mancha: Alta<\/li>\n<li>Resist\u00eancia \u00e0 Geada e ao Calor: Alta<\/li>\n<li>Resist\u00eancia aos Raios UV: Alta<\/li>\n<\/ul>\n<p><strong>CUIDADOS E MANUTEN\u00c7\u00c3O<\/strong><\/p>\n<p>Tal como os granitos n\u00e3o mancham, n\u00e3o fraturam, nem riscam. Entre os padr\u00f5es texturais apresentam uma fractura\u00e7\u00e3o fina, com preenchimento mineral, que sela toda a matriz, leve impregna\u00e7\u00e3o com \u00f3xidos, que conferem tons dourados e rubros \u00e0 matriz, pr\u00f3prios do exotismo deste material. S\u00e3o pouco sens\u00edveis aos l\u00edquidos e atmosferas \u00e1cidas ou alcalinas, podem ser limpos com a generalidade dos detergentes e desinfetantes. Porque t\u00eam alto contraste de dureza adequam-se bem aos acabamentos polido, leather ou amaciado. O seu polimento persiste e a superf\u00edcie mant\u00e9m-se muito brilhante, mas pode receber novo polimento se estiver sujeito a maior abras\u00e3o.<\/p>\n","protected":false},"excerpt":{"rendered":"<p>APLICA\u00c7\u00d5ES Piso exterior: Sim Fachada: Sim Piso interior: Sim Revestimento interior: Sim Casa de Banho: Sim Lareira: Sim Mobili\u00e1rio: Sim Bancada da cozinha: Sim Retroilumina\u00e7\u00e3o: Sim DESEMPENHO T\u00c9CNICO Resist\u00eancia \u00e0 abras\u00e3o: Alta Resist\u00eancia \u00e0 mancha: Alta Resist\u00eancia \u00e0 Geada e ao Calor: Alta Resist\u00eancia aos Raios UV: Alta CUIDADOS E&hellip;<\/p>\n","protected":false},"featured_media":7404,"template":"","meta":[],"product_cat":[215],"product_tag":[],"acf":[],"_links":{"self":[{"href":"https:\/\/antoniolongarito.com\/stock\/wp-json\/wp\/v2\/product\/7402"}],"collection":[{"href":"https:\/\/antoniolongarito.com\/stock\/wp-json\/wp\/v2\/product"}],"about":[{"href":"https:\/\/antoniolongarito.com\/stock\/wp-json\/wp\/v2\/types\/product"}],"wp:featuredmedia":[{"embeddable":true,"href":"https:\/\/antoniolongarito.com\/stock\/wp-json\/wp\/v2\/media\/7404"}],"wp:attachment":[{"href":"https:\/\/antoniolongarito.com\/stock\/wp-json\/wp\/v2\/media?parent=7402"}],"wp:term":[{"taxonomy":"product_cat","embeddable":true,"href":"https:\/\/antoniolongarito.com\/stock\/wp-json\/wp\/v2\/product_cat?post=7402"},{"taxonomy":"product_tag","embeddable":true,"href":"https:\/\/antoniolongarito.com\/stock\/wp-json\/wp\/v2\/product_tag?post=7402"}],"curies":[{"name":"wp","href":"https:\/\/api.w.org\/{rel}","templated":true}]}}