{"id":7410,"date":"2023-01-05T17:41:12","date_gmt":"2023-01-05T17:41:12","guid":{"rendered":"https:\/\/antoniolongarito.com\/stock\/?post_type=product&#038;p=7410"},"modified":"2023-01-05T17:52:30","modified_gmt":"2023-01-05T17:52:30","slug":"limestone-persiano-2002617l003","status":"publish","type":"product","link":"https:\/\/antoniolongarito.com\/stock\/product\/limestone-persiano-2002617l003\/","title":{"rendered":"Limestone Persiano #2002617L003"},"content":{"rendered":"<p>Calc\u00e1rio cinza a creme claro, de tend\u00eancia ool\u00edtica, textura granular fina e esferoide, com assinatura f\u00f3ssil e algumas pontua\u00e7\u00f5es escuras dispersas.<\/p>\n<p><strong>APLICA\u00c7\u00d5ES<\/strong><\/p>\n<ul>\n<li>Piso exterior: N\u00e3o<\/li>\n<li>Fachada: Sim<\/li>\n<li>Piso interior: Sim*<\/li>\n<li>Revestimento interior: Sim<\/li>\n<li>Casa de Banho: Sim<\/li>\n<li>Lareira: Sim*<\/li>\n<li>Mobili\u00e1rio: Sim<\/li>\n<li>Bancada da cozinha: N\u00e3o<\/li>\n<\/ul>\n<p>(*com tratamento e assentamento especializado)<\/p>\n<p><strong>DESEMPENHO T\u00c9CNICO<\/strong><\/p>\n<ul>\n<li>Resist\u00eancia \u00e0 abras\u00e3o: Baixa<\/li>\n<li>Resist\u00eancia \u00e0 mancha: Moderado<\/li>\n<li>Resist\u00eancia \u00e0 geada e ao calor: Baixa<\/li>\n<li>Resist\u00eancia aos raios UV: Moderado<\/li>\n<\/ul>\n<p><strong>CUIDADOS E MANUTEN\u00c7\u00c3O<\/strong><\/p>\n<p>Por ser especialmente vulner\u00e1vel a l\u00edquidos e atmosferas \u00e1cidas, limpar com detergentes neutros. Entre os v\u00e1rios carbonatos apresenta menor porosidade, o que reduz o risco de mancha e amplia a gama de aplica\u00e7\u00f5es em ambientes h\u00famidos. Evite produtos abrasivos ou que possam riscar, como areias e metais.<\/p>\n","protected":false},"excerpt":{"rendered":"<p>Calc\u00e1rio cinza a creme claro, de tend\u00eancia ool\u00edtica, textura granular fina e esferoide, com assinatura f\u00f3ssil e algumas pontua\u00e7\u00f5es escuras dispersas. APLICA\u00c7\u00d5ES Piso exterior: N\u00e3o Fachada: Sim Piso interior: Sim* Revestimento interior: Sim Casa de Banho: Sim Lareira: Sim* Mobili\u00e1rio: Sim Bancada da cozinha: N\u00e3o (*com tratamento e assentamento especializado)&hellip;<\/p>\n","protected":false},"featured_media":7412,"template":"","meta":[],"product_cat":[216],"product_tag":[],"acf":[],"_links":{"self":[{"href":"https:\/\/antoniolongarito.com\/stock\/wp-json\/wp\/v2\/product\/7410"}],"collection":[{"href":"https:\/\/antoniolongarito.com\/stock\/wp-json\/wp\/v2\/product"}],"about":[{"href":"https:\/\/antoniolongarito.com\/stock\/wp-json\/wp\/v2\/types\/product"}],"wp:featuredmedia":[{"embeddable":true,"href":"https:\/\/antoniolongarito.com\/stock\/wp-json\/wp\/v2\/media\/7412"}],"wp:attachment":[{"href":"https:\/\/antoniolongarito.com\/stock\/wp-json\/wp\/v2\/media?parent=7410"}],"wp:term":[{"taxonomy":"product_cat","embeddable":true,"href":"https:\/\/antoniolongarito.com\/stock\/wp-json\/wp\/v2\/product_cat?post=7410"},{"taxonomy":"product_tag","embeddable":true,"href":"https:\/\/antoniolongarito.com\/stock\/wp-json\/wp\/v2\/product_tag?post=7410"}],"curies":[{"name":"wp","href":"https:\/\/api.w.org\/{rel}","templated":true}]}}

<p>Calcário cinza a creme claro, de tendência oolítica, textura granular fina e esferoide, com assinatura fóssil e algumas pontuações escuras dispersas.</p>
<p><strong>APLICAÇÕES</strong></p>
<ul>
<li>Piso exterior: Não</li>
<li>Fachada: Sim</li>
<li>Piso interior: Sim*</li>
<li>Revestimento interior: Sim</li>
<li>Casa de Banho: Sim</li>
<li>Lareira: Sim*</li>
<li>Mobiliário: Sim</li>
<li>Bancada da cozinha: Não</li>
</ul>
<p>(*com tratamento e assentamento especializado)</p>
<p><strong>DESEMPENHO TÉCNICO</strong></p>
<ul>
<li>Resistência à abrasão: Baixa</li>
<li>Resistência à mancha: Moderado</li>
<li>Resistência à geada e ao calor: Baixa</li>
<li>Resistência aos raios UV: Moderado</li>
</ul>
<p><strong>CUIDADOS E MANUTENÇÃO</strong></p>
<p>Por ser especialmente vulnerável a líquidos e atmosferas ácidas, limpar com detergentes neutros. Entre os vários carbonatos apresenta menor porosidade, o que reduz o risco de mancha e amplia a gama de aplicações em ambientes húmidos. Evite produtos abrasivos ou que possam riscar, como areias e metais.</p>

<p>Calcário cinza a creme claro, de tendência oolítica, textura granular fina e esferoide, com assinatura fóssil e algumas pontuações escuras dispersas. APLICAÇÕES Piso exterior: Não Fachada: Sim Piso interior: Sim* Revestimento interior: Sim Casa de Banho: Sim Lareira: Sim* Mobiliário: Sim Bancada da cozinha: Não (*com tratamento e assentamento especializado)&hellip;</p>
