{"id":7827,"date":"2024-03-27T17:01:15","date_gmt":"2024-03-27T17:01:15","guid":{"rendered":"https:\/\/antoniolongarito.com\/stock\/?post_type=product&#038;p=7827"},"modified":"2025-03-20T15:46:52","modified_gmt":"2025-03-20T15:46:52","slug":"estremoz-select-1034924l001","status":"publish","type":"product","link":"https:\/\/antoniolongarito.com\/stock\/product\/estremoz-select-1034924l001\/","title":{"rendered":"Estremoz Select # 1034924L001 &#8211; FORA DE STOCK"},"content":{"rendered":"<p>Este \u00e9 um m\u00e1rmore cl\u00e1ssico entre os cl\u00e1ssicos. Pedra nacional de elei\u00e7\u00e3o tanto para constru\u00e7\u00f5es monumentais e solenes, como para decora\u00e7\u00f5es serenas e elegantes. Combina o alto polimento com texturas suaves ou not\u00e1veis, de transi\u00e7\u00e3o gradual ou com alto contraste, sempre com intenso brilho cristalino. Esta combina\u00e7\u00e3o deve-se \u00e0 g\u00e9nese metam\u00f3rfica, em profundidade e com alta press\u00e3o e temperatura, reformulando rochas pr\u00e9-existentes, neste caso, calc\u00e1rios muito cristalinos. Os aspetos texturais, como os veios cinza e castanho, devem-se \u00e0 presen\u00e7a de minerais reativos, do grupo das argilas que se v\u00e3o equilibrando ao longo do tempo de forma\u00e7\u00e3o, passando a integrar mais destacadamente a matriz calc\u00edtica.<\/p>\n<p><strong>APLICA\u00c7\u00d5ES<\/strong><\/p>\n<ul>\n<li>Piso exterior: Sim*<\/li>\n<li>Fachada: Sim*<\/li>\n<li>Piso interior: Sim*<\/li>\n<li>Revestimento interior: Sim<\/li>\n<li>Casa de Banho: Sim<\/li>\n<li>Lareira: Sim*<\/li>\n<li>Mobili\u00e1rio: Sim<\/li>\n<li>Bancada da cozinha: N\u00e3o<\/li>\n<li>Retroilumina\u00e7\u00e3o: Sim*<\/li>\n<\/ul>\n<p>(*com tratamento e assentamento especializado)<\/p>\n<p><strong>DESEMPENHO T\u00c9CNICO<\/strong><\/p>\n<ul>\n<li>Resist\u00eancia \u00e0 abras\u00e3o: Baixa a Moderada<\/li>\n<li>Resist\u00eancia \u00e0 mancha: Moderada<\/li>\n<li>Resist\u00eancia \u00e0 Geada e Calor: Moderada<\/li>\n<li>Resist\u00eancia aos raios UV: Moderada a Alta<\/li>\n<\/ul>\n<p><strong>CUIDADOS E MANUTEN\u00c7\u00c3O<\/strong><\/p>\n<p>O m\u00e1rmore apesar de muito pouco poroso \u00e9 especialmente vulner\u00e1vel a \u00e1cidos dom\u00e9sticos como vinagre, mostarda, citrinos, etc. Os l\u00edquidos \u00e1cidos podem causar manchas quando entram em contacto com a superf\u00edcie se n\u00e3o forem imediatamente limpos. Para evitar isto aconselha-se um tratamento impermeabilizante. Para a limpeza di\u00e1ria recomenda-se um detergente de pH neutro. Como n\u00e3o \u00e9 uma pedra natural dura, risca e sofre abras\u00e3o com a utiliza\u00e7\u00e3o continuada, perdendo o polimento sem, contudo, perder o brilho natural.<\/p>\n","protected":false},"excerpt":{"rendered":"<p>Este \u00e9 um m\u00e1rmore cl\u00e1ssico entre os cl\u00e1ssicos. Pedra nacional de elei\u00e7\u00e3o tanto para constru\u00e7\u00f5es monumentais e solenes, como para decora\u00e7\u00f5es serenas e elegantes. Combina o alto polimento com texturas suaves ou not\u00e1veis, de transi\u00e7\u00e3o gradual ou com alto contraste, sempre com intenso brilho cristalino. Esta combina\u00e7\u00e3o deve-se \u00e0 g\u00e9nese&hellip;<\/p>\n","protected":false},"featured_media":7832,"template":"","meta":[],"product_cat":[216],"product_tag":[],"acf":[],"_links":{"self":[{"href":"https:\/\/antoniolongarito.com\/stock\/wp-json\/wp\/v2\/product\/7827"}],"collection":[{"href":"https:\/\/antoniolongarito.com\/stock\/wp-json\/wp\/v2\/product"}],"about":[{"href":"https:\/\/antoniolongarito.com\/stock\/wp-json\/wp\/v2\/types\/product"}],"wp:featuredmedia":[{"embeddable":true,"href":"https:\/\/antoniolongarito.com\/stock\/wp-json\/wp\/v2\/media\/7832"}],"wp:attachment":[{"href":"https:\/\/antoniolongarito.com\/stock\/wp-json\/wp\/v2\/media?parent=7827"}],"wp:term":[{"taxonomy":"product_cat","embeddable":true,"href":"https:\/\/antoniolongarito.com\/stock\/wp-json\/wp\/v2\/product_cat?post=7827"},{"taxonomy":"product_tag","embeddable":true,"href":"https:\/\/antoniolongarito.com\/stock\/wp-json\/wp\/v2\/product_tag?post=7827"}],"curies":[{"name":"wp","href":"https:\/\/api.w.org\/{rel}","templated":true}]}}

<p>Este é um mármore clássico entre os clássicos. Pedra nacional de eleição tanto para construções monumentais e solenes, como para decorações serenas e elegantes. Combina o alto polimento com texturas suaves ou notáveis, de transição gradual ou com alto contraste, sempre com intenso brilho cristalino. Esta combinação deve-se à génese metamórfica, em profundidade e com alta pressão e temperatura, reformulando rochas pré-existentes, neste caso, calcários muito cristalinos. Os aspetos texturais, como os veios cinza e castanho, devem-se à presença de minerais reativos, do grupo das argilas que se vão equilibrando ao longo do tempo de formação, passando a integrar mais destacadamente a matriz calcítica.</p>
<p><strong>APLICAÇÕES</strong></p>
<ul>
<li>Piso exterior: Sim*</li>
<li>Fachada: Sim*</li>
<li>Piso interior: Sim*</li>
<li>Revestimento interior: Sim</li>
<li>Casa de Banho: Sim</li>
<li>Lareira: Sim*</li>
<li>Mobiliário: Sim</li>
<li>Bancada da cozinha: Não</li>
<li>Retroiluminação: Sim*</li>
</ul>
<p>(*com tratamento e assentamento especializado)</p>
<p><strong>DESEMPENHO TÉCNICO</strong></p>
<ul>
<li>Resistência à abrasão: Baixa a Moderada</li>
<li>Resistência à mancha: Moderada</li>
<li>Resistência à Geada e Calor: Moderada</li>
<li>Resistência aos raios UV: Moderada a Alta</li>
</ul>
<p><strong>CUIDADOS E MANUTENÇÃO</strong></p>
<p>O mármore apesar de muito pouco poroso é especialmente vulnerável a ácidos domésticos como vinagre, mostarda, citrinos, etc. Os líquidos ácidos podem causar manchas quando entram em contacto com a superfície se não forem imediatamente limpos. Para evitar isto aconselha-se um tratamento impermeabilizante. Para a limpeza diária recomenda-se um detergente de pH neutro. Como não é uma pedra natural dura, risca e sofre abrasão com a utilização continuada, perdendo o polimento sem, contudo, perder o brilho natural.</p>

<p>Este é um mármore clássico entre os clássicos. Pedra nacional de eleição tanto para construções monumentais e solenes, como para decorações serenas e elegantes. Combina o alto polimento com texturas suaves ou notáveis, de transição gradual ou com alto contraste, sempre com intenso brilho cristalino. Esta combinação deve-se à génese&hellip;</p>
